Let r(c) = c**3 + 94*c**2 - 288*c + 235. Give r(-97).
-56
Let p(z) = 383*z + 3066. Give p(-8).
2
Let b(j) = j**3 - j**2 - 5*j - 19. Calculate b(6).
131
Let g(b) = -574*b + 24118. What is g(42)?
10
Let x(s) = -s**3 - 62*s**2 - 677*s - 15. Give x(-14).
55
Let v(j) = j**3 - 3*j**2 - 1480*j - 2. What is v(-37)?
-2
Let w(n) = 3*n**3 + 5*n**2 + 6*n - 2. What is w(-2)?
-18
Let n(f) = 2*f**2 + 75*f - 379. Give n(-42).
-1
Let n(r) = -3*r**3 - 28*r**2 + 4*r - 19. Determine n(-9).
-136
Let i(d) = -9*d**2 - 67*d - 107. Calculate i(-4).
17
Let c(d) = 70*d - 147. What is c(5)?
203
Let o(w) = 1253*w + 50117. What is o(-40)?
-3
Let f(w) = w**3 - 93*w**2 + 70*w + 2042. Calculate f(92).
18
Let j(k) = 31*k - 159. Give j(13).
244
Let y(i) = -2*i**3 - i**2 + 17*i - 103. What is y(5)?
-293
Let o(z) = z**3 - 5*z**2 + 4*z - 12. Calculate o(5).
8
Let n(x) = -7*x**3 - 2*x**2 + 36*x - 63. Give n(2).
-55
Let v(a) = -a**3 + 9*a**2 + 18*a. Determine v(10).
80
Let f(z) = -z**3 - z**2 + 19*z - 24. Calculate f(2).
2
Let o(f) = -5*f**2 + 563*f - 326. Calculate o(112).
10
Let n(v) = -19*v + 1816. Give n(104).
-160
Let g(b) = 4*b**2 + 15*b - 78. What is g(-11)?
241
Let g(n) = -4*n**3 + 205*n**2 - 253*n + 55. Determine g(50).
-95
Let y(j) = -8*j**3 - 4*j**2 + 9*j - 7. Give y(1).
-10
Let h(d) = d**2 + 13*d - 447. Calculate h(14).
-69
Let f(r) = r**2 - 250*r - 1541. Determine f(-6).
-5
Let f(o) = o**3 - 36*o**2 - 24*o + 867. Calculate f(36).
3
Let i(x) = -4*x**2 + 13*x - 55. Determine i(6).
-121
Let o(g) = -g**3 + 16*g**2 + 266. Give o(16).
266
Let t(b) = -10*b**2 + 56. Calculate t(3).
-34
Let t(b) = b**3 - 56*b**2 + 672*b + 581. Give t(19).
-8
Let b(v) = -10*v**2 - 158*v + 43. Determine b(-16).
11
Let a(s) = -2*s**3 - 54*s**2 + 204*s + 101. Give a(-30).
-619
Let q(m) = 4*m**3 - 5*m**2 - 97*m + 179. Give q(2).
-3
Let t(m) = 2*m**3 + 66*m**2 + 9*m + 291. Calculate t(-33).
-6
Let p(o) = 2*o**3 + 234*o**2 - 1476*o - 7. Give p(-123).
-7
Let n(g) = 7*g + 50. Calculate n(0).
50
Let l(u) = 8*u**2 - 47*u + 45. What is l(5)?
10
Let o(c) = -2*c**3 + 20*c**2 + 212*c - 1960. What is o(12)?
8
Let n(y) = -5*y**3 + 2*y**2 - 8*y + 23. Determine n(2).
-25
Let c(m) = m**2 - 34*m + 183. What is c(8)?
-25
Let z(g) = -3*g**2 - 8*g + 10. Determine z(-6).
-50
Let u(i) = 98*i + 4616. What is u(-47)?
10
Let u(r) = -r**3 + 11*r**2 + 9*r - 65. Give u(10).
125
Let y(k) = 49*k + 1142. Give y(-23).
15
Let r(w) = w**2 + 15*w + 49. Calculate r(-6).
-5
Let d(b) = 272*b - 5423. Give d(20).
17
Let s(r) = -14*r**3 - 32*r**2 - 4*r + 5. Give s(-2).
-3
Let g(t) = 19*t - 320. Give g(31).
269
Let l(q) = q**2 + 50*q - 1885. Calculate l(-77).
194
Let v(t) = t**3 - 18*t**2 - 90*t + 118. Give v(-5).
-7
Let w(k) = -2*k**3 - 6*k**2 - 46*k + 12. Give w(-5).
342
Let c(s) = -1087*s + 1067. Determine c(1).
-20
Let b(g) = -g**3 + 4*g**2 + 41*g + 2. What is b(0)?
2
Let a(j) = 27*j - 128. Calculate a(8).
88
Let j(a) = -3*a**2 + 89*a + 53. Give j(29).
111
Let h(q) = q**2 - 31*q + 119. Determine h(27).
11
Let w(q) = -25085*q + 125427. Determine w(5).
2
Let p(r) = -r**3 + 8*r**2 - 3*r + 5. Determine p(8).
-19
Let b(x) = x**2 - 40*x - 25. What is b(37)?
-136
Let r(n) = n**3 + 10*n**2 + n + 40. Give r(-13).
-480
Let s(t) = 10*t**2 + 305*t + 59. Calculate s(-30).
-91
Let i(o) = -2*o**3 + 125*o**2 - 301*o + 70. Give i(60).
10
Let r(l) = -9*l + 26. What is r(-1)?
35
Let i(s) = -9*s**3 - 2*s**2 - 3*s + 5. Give i(2).
-81
Let n(q) = -q**2 + 312*q - 11346. Determine n(42).
-6
Let j(i) = 30097*i + 361159. Determine j(-12).
-5
Let g(u) = 24*u + 544. What is g(-24)?
-32
Let i(l) = -l**3 + 7*l**2 + 57*l + 20. Calculate i(-4).
-32
Let v(f) = f**2 - 1876*f + 64443. What is v(35)?
8
Let u(n) = n**3 - 2*n**2 + 117. Give u(0).
117
Let t(m) = -m**2 + 436*m - 19969. Calculate t(384).
-1
Let s(z) = -z**2 - 10*z + 2. What is s(-9)?
11
Let b(m) = -3*m**2 - 11*m + 38. Give b(4).
-54
Let o(d) = -82*d + 14945. Give o(182).
21
Let a(q) = 67*q + 1491. What is a(-23)?
-50
Let z(k) = k**3 - 21*k**2 - 169*k + 171. Give z(27).
-18
Let v(k) = -6*k**3 + k**2 + 35*k + 25. Determine v(-2).
7
Let z(d) = 3*d**3 + 30*d**2 + 4*d - 16. Determine z(-10).
-56
Let w(m) = 175*m - 1257. Calculate w(7).
-32
Let p(c) = -c**2 - 102*c - 1160. Calculate p(-89).
-3
Let m(r) = -r**2 + 75*r - 523. Give m(67).
13
Let w(p) = -520*p + 7283. Determine w(14).
3
Let a(o) = -3*o + 82. Determine a(-8).
106
Let q(g) = 96*g + 573. Determine q(-5).
93
Let f(a) = -56*a**2 + 950*a + 35. Determine f(17).
1
Let n(j) = j**2 - 81*j - 1440. Determine n(96).
0
Let n(p) = -955*p - 49635. Give n(-52).
25
Let q(p) = -p**2 - 21*p - 79. Calculate q(-5).
1
Let b(i) = 2*i**3 + 73*i**2 + 34*i - 36. Give b(-36).
36
Let y(v) = 409*v - 4019. Give y(10).
71
Let f(h) = 2*h**2 + 36*h + 108. Calculate f(-14).
-4
Let a(r) = -r**3 + 39*r**2 - 79*r + 342. Give a(37).
157
Let w(u) = -u**2 - 32*u - 4. Give w(-13).
243
Let m(s) = 112*s**3 + 91*s**2 - 4*s - 4. Determine m(-1).
-21
Let y(i) = 43*i + 57. What is y(6)?
315
Let q(i) = i**3 + 32*i**2 + 223*i - 156. Determine q(-21).
12
Let o(w) = -8*w + 730. What is o(95)?
-30
Let x(b) = -274*b - 11781. Give x(-43).
1
Let j(v) = -v**3 + 56*v**2 - 95*v + 2167. Determine j(55).
-33
Let a(u) = u**3 - 47*u**2 - 5*u + 217. Determine a(47).
-18
Let g(r) = -79*r - 178. Determine g(-3).
59
Let v(x) = 40*x + 1091. What is v(-24)?
131
Let x(c) = c**3 - 18*c**2 + 27*c + 173. What is x(15)?
-97
Let p(f) = -f**3 - 5*f**2 + 17*f + 12. Give p(-7).
-9
Let s(p) = 3*p**2 + p - 86. Determine s(-12).
334
Let b(i) = -i**3 - 357*i**2 - 3470*i + 12. Determine b(-10).
12
Let y(r) = -6841*r + 41046. Determine y(6).
0
Let o(n) = n**3 - 119*n**2 + 234*n + 2. Calculate o(117).
2
Let h(n) = 298*n - 7747. Determine h(26).
1
Let k(y) = -y**2 - 33*y - 36. Calculate k(-33).
-36
Let y(x) = x**2 + 73*x + 1345. Calculate y(-32).
33
Let k(x) = -147*x - 111. Determine k(1).
-258
Let w(n) = -n**2 + 419*n - 13389. Give w(35).
51
Let o(t) = t**3 - 9*t**2 + 7*t - 23. Determine o(4).
-75
Let r(t) = 16*t - 180. Calculate r(12).
12
Let s(q) = 5212*q + 31272. Calculate s(-6).
0
Let u(r) = -15*r**3 + 13*r**2 + 3*r - 12. Calculate u(3).
-291
Let i(c) = -67*c - 1675. Calculate i(-25).
0
Let k(d) = -d**3 - 7*d**2 - 665*d - 5396. Determine k(-8).
-12
Let g(n) = -n**3 + 86*n**2 + 460*n - 8996. Give g(90).
4
Let b(g) = 63*g + 329. Determine b(-5).
14
Let c(i) = -6*i**3 + 5*i**2 - 25*i + 18. Determine c(4).
-386
Let m(w) = -149*w - 274. Calculate m(0).
-274
Let y(a) = a**3 - 2*a**2 - 3*a - 5. Determine y(3).
-5
Let k(l) = -80*l**2 + 46*l - 49. Give k(1).
-83
Let q(z) = -2*z**3 + 16*z**2 + 26*z - 116. Determine q(8).
92
Let o(k) = 3*k**2 + 45*k + 81. Calculate o(-13).
3
Let d(x) = 72*x + 152. What is d(-2)?
8
Let d(h) = -111*h - 1234. What is d(-11)?
-13
Let y(b) = b**3 - 11*b**2 - 5*b + 9. What is y(1)?
-6
Let s(y) = -232*y + 119. Determine s(2).
-345
Let j(m) = 2*m**3 + 4*m**2 - 63*m + 69. Determine j(4).
9
Let o(a) = -48*a + 1259. Determine o(26).
11
Let h(g) = -34*g - 7. Calculate h(-3).
95
Let n(u) = u**2 - 37*u - 541. Give n(49).
47
Let o(t) = 1482*t - 1476. Give o(1).
6
Let h(i) = -4*i**2 + 91*i - 29. What is h(22)?
37
Let h(w) = -w**2 + 52*w + 698. What is h(-16)?
-390
Let g(y) = -19*y - 118. What is g(0)?
-118
Let u(c) = 4*c**2 + 110*c - 2793. Give u(16).
-9
Let i(w) = 45*w + 21. Give i(-1).
-24
Let j(c) = 9*c**2 - 49*c - 338. Determine j(-7).
446
Let k(s) = s**2 - 222*s - 1863. What is k(-8)?
-23
Let b(v) = -v**2 - 25*v + 191. What is b(-33)?
-73
Let s(q) = -q**2 - 12*q + 529. Give s(18).
-11
Let l(f) = 76*f**2 - 59*f + 49. What is l(1)?
66
Let a(k) = -3*k**2 + 86*k + 55. Determine a(29).
26
Let b(t) = 2*t**2 - 61*t + 116. Determine b(7).
-213
Let m(k) = -4*k**2 + 227*k - 573. Give m(52).
415
Let o(h) = -233*h + 9312. Give o(40).
-8
Let v(q) = 2*q**3 + 20*q**2 - 20*q - 5. Give v(-9).
337
Let q(b) = -4435*b + 62085. Calculate q(14).
-5
Let l(n) = 5*n**3 - 3*n**2 + 8*n + 2. What is l(3)?
134
Let l(v) = 2*v**3 - 48*v**2 - 47*v - 75. Calculate l(25).
0
Let d(n) = n**2 - 20*n - 8565. Give d(-83).
-16
Let p(x) = 2*x**2 + 28*x + 6. Calculate p(-12).
-42
Let w(v) = v**3 - 4*v**2 - 341*v. Calculate w(0).
0
Let p(y) = y**3 - 105*y**2 - 5*y + 519. What is p(105)?
-6
Let a(x) = x**2 + 420*x + 2893. Calculate a(-7).
2
Let m(l) = -l**3 + 